{"id":281,"date":"2023-03-16T23:13:51","date_gmt":"2023-03-16T23:13:51","guid":{"rendered":"https:\/\/maqnusa.com\/?post_type=product&#038;p=281"},"modified":"2025-04-10T16:18:12","modified_gmt":"2025-04-10T21:18:12","slug":"batidora-con-globo-paleta-y-gancho","status":"publish","type":"product","link":"https:\/\/eingmex.com\/?product=batidora-con-globo-paleta-y-gancho","title":{"rendered":"Batidora con Globo, Paleta y Gancho"},"content":{"rendered":"<p><b><strong>VIDEO MUESTRA DE BATIDORA INDUSTRIAL<\/strong><\/b><\/p>\n<p><center><br \/>\n<iframe loading=\"lazy\" title=\"YouTube video player\" src=\"https:\/\/eingmex.com\/wp-content\/uploads\/2023\/03\/Seccion-de-panaderia-10.mp4\" width=\"500px\" height=\"500px\" frameborder=\"0\" allowfullscreen=\"allowfullscreen\"><\/iframe><\/center><strong>PRECIOS SEGUN EL ACABADO:<\/strong><\/p>\n<p>&nbsp;<\/p>\n<table border=\"1\" cellspacing=\"0\" cellpadding=\"0\" align=\"center\">\n<tbody>\n<tr>\n<td><strong>LITROS<\/strong><\/td>\n<td><strong>CAPACIDAD<\/strong><\/td>\n<td><strong>LAMINADA<\/strong><\/td>\n<td><strong>BRILLANTE<\/strong><\/td>\n<\/tr>\n<tr>\n<td><strong>10<\/strong><\/td>\n<td>3 Kg<\/td>\n<td>\n<div><a class=\"MP-common-red-CDm MP-ar-m-ov-Dm\" target=\"\" rel=\"noopener\" name=\"MP-payButton\"><\/a>$18,400 MXN<\/div>\n<\/td>\n<td>\n<div><a class=\"MP-common-red-CDm MP-ar-m-ov-Dm\" target=\"\" rel=\"noopener\" name=\"MP-payButton\"><\/a>$20,000 MXN<\/div>\n<\/td>\n<\/tr>\n<tr>\n<td><strong>20<\/strong><\/td>\n<td>6 Kg<\/td>\n<td>\n<div><a class=\"MP-common-red-CDm MP-ar-m-ov-Dm\" target=\"\" rel=\"noopener\" name=\"MP-payButton\"><\/a>$21,600 MXN<\/div>\n<\/td>\n<td>\n<div><a class=\"MP-common-red-CDm MP-ar-m-ov-Dm\" target=\"\" rel=\"noopener\" name=\"MP-payButton\"><\/a>$26,400 MXN<\/div>\n<\/td>\n<\/tr>\n<tr>\n<td><strong>30<\/strong><\/td>\n<td>10 Kg<\/td>\n<td>\n<div><a class=\"MP-common-red-CDm MP-ar-m-ov-Dm\" target=\"\" rel=\"noopener\" name=\"MP-payButton\"><\/a>$24,800 MXN<\/div>\n<\/td>\n<td>\n<div><a class=\"MP-common-red-CDm MP-ar-m-ov-Dm\" target=\"\" rel=\"noopener\" name=\"MP-payButton\"><\/a>$28,800 MXN<\/div>\n<\/td>\n<\/tr>\n<tr>\n<td><strong>40<\/strong><\/td>\n<td>13 Kg<\/td>\n<td>\n<div><a class=\"MP-common-red-CDm MP-ar-m-ov-Dm\" target=\"\" rel=\"noopener\" name=\"MP-payButton\"><\/a>$34,400 MXN<\/div>\n<\/td>\n<td>\n<div><a class=\"MP-common-red-CDm MP-ar-m-ov-Dm\" target=\"\" rel=\"noopener\" name=\"MP-payButton\"><\/a>$36,800 MXN<\/div>\n<\/td>\n<\/tr>\n<tr>\n<td><strong>60<\/strong><\/td>\n<td>15 Kg<\/td>\n<td>\n<div><a class=\"MP-common-red-CDm MP-ar-m-ov-Dm\" target=\"\" rel=\"noopener\" name=\"MP-payButton\"><\/a>$36,000 MXN<\/div>\n<\/td>\n<td>\n<div><a class=\"MP-common-red-CDm MP-ar-m-ov-Dm\" target=\"\" rel=\"noopener\" name=\"MP-payButton\"><\/a>$39,200 MXN<\/div>\n<\/td>\n<\/tr>\n<\/tbody>\n<\/table>\n<div><\/div>\n<p><strong>FUNCION DE LA BATIDORA:<\/strong><\/p>\n<p>Esta maquina esta dise\u00f1ada para preparar grandes cantidades de masa sustituyendo su trabajo manual a trav\u00e9s de un sistema mecanizado. A su vez ayuda a mejorar la producci\u00f3n, ya que se puede elaborar mas masa pero eliminando el pesado trabajo manual. Esta batidora incluye.<\/p>\n<p>Gancho: Que se utiliza para masa pesada con levadura, si es mucha cantidad se recomienda usar la primera velocidad.<\/p>\n<p>Globo: Se utiliza para cualquier batido con ingredientes incluyendo huevo y este hace que se eleve el batido.<\/p>\n<p>Paleta: Se utiliza para todo tipo de pastel (Polvor\u00edn, pasta seca, galleta etc.)<\/p>\n<p><strong>MEDIDAS:<\/strong><\/p>\n<p>La de 20 litros mide de fondo 1.05 cm de ancho 0.76 cm y de alto 1.10 cm<\/p>\n<p><strong>ESPECIFICACIONES:<\/strong><\/p>\n<p>\ud83d\udcddSistema Planetario<\/p>\n<p>\ud83d\udcddCazo Esta\u00f1ado o de Acero Inoxidable seg\u00fan lo requiera<\/p>\n<p>\ud83d\udcddAcabado Brillante (Acero Inoxidable)<\/p>\n<p>\ud83d\udcddAcabado Laminado (Esmaltado)<\/p>\n<p>\ud83d\udcddCorriente 110 o 220 seg\u00fan sus necesidades<\/p>\n<p>\ud83d\udcddDe 3 Velocidades<\/p>\n<p>\ud83d\udcddTransmisi\u00f3n de cadena<\/p>\n<p>\ud83d\udcddMotor Monof\u00e1sico<\/p>\n<p><strong>TIEMPO DE ENTREGA<\/strong><\/p>\n<p>De 3 a 5 d\u00edas h\u00e1biles<\/p>\n<p><strong>FLETE<\/strong><\/p>\n<p>A ocurre corre por cuenta del comprador, Realizamos env\u00edos Nacionales e Internacionales.\u00a0Para realizar la cotizaci\u00f3n env\u00edenos mediante la secci\u00f3n de contacto o nuestro chat \u00a0los siguientes datos. Pa\u00eds, Ciudad, Municipio o Localidad y su Cp.<br \/>\n<strong>GARANTIA<\/strong><\/p>\n<p>La garant\u00eda de 6 meses contra defecto de fabricaci\u00f3n , Tambien se les env\u00eda un video por correo o por Whatsapp antes de enviarla en el cual consta en buen funcionamiento de la maquina o en su caso puede venir el cliente a checar el funcionamiento de la misma a nuestro taller.<\/p>\n<p><strong>METODOS DE PAGO<\/strong><\/p>\n<p>\ud83d\udcccEfectivo pagando en nuestro taller ubicado en Monterrey y en nuestras oficinas en General Escobedo, Nuevo Leon<\/p>\n<p>\ud83d\udcccTransferencia o Dep\u00f3sitos Bancarios<\/p>\n<p>\ud83d\udcccPago con Tarjeta de Debito o Cr\u00e9dito<\/p>\n<p><em>Si usted se ubica en otro estado o pa\u00eds puede realizar pagos con tarjetas de debito o cr\u00e9dito mediante Links de Pago<\/em><\/p>\n","protected":false},"excerpt":{"rendered":"<p>VIDEO MUESTRA DE BATIDORA INDUSTRIAL PRECIOS SEGUN EL ACABADO: &nbsp; LITROS CAPACIDAD LAMINADA BRILLANTE 10 3 Kg $18,400 MXN $20,000 MXN 20 6 Kg $21,600 MXN $26,400 MXN 30 10&#8230;<\/p>\n","protected":false},"featured_media":770,"comment_status":"open","ping_status":"closed","template":"","meta":[],"product_brand":[],"product_cat":[19],"product_tag":[],"class_list":{"0":"post-281","1":"product","2":"type-product","3":"status-publish","4":"has-post-thumbnail","6":"product_cat-panaderias","8":"first","9":"instock","10":"shipping-taxable","11":"purchasable","12":"product-type-variable"},"_links":{"self":[{"href":"https:\/\/eingmex.com\/index.php?rest_route=\/wp\/v2\/product\/281","targetHints":{"allow":["GET"]}}],"collection":[{"href":"https:\/\/eingmex.com\/index.php?rest_route=\/wp\/v2\/product"}],"about":[{"href":"https:\/\/eingmex.com\/index.php?rest_route=\/wp\/v2\/types\/product"}],"replies":[{"embeddable":true,"href":"https:\/\/eingmex.com\/index.php?rest_route=%2Fwp%2Fv2%2Fcomments&post=281"}],"wp:featuredmedia":[{"embeddable":true,"href":"https:\/\/eingmex.com\/index.php?rest_route=\/wp\/v2\/media\/770"}],"wp:attachment":[{"href":"https:\/\/eingmex.com\/index.php?rest_route=%2Fwp%2Fv2%2Fmedia&parent=281"}],"wp:term":[{"taxonomy":"product_brand","embeddable":true,"href":"https:\/\/eingmex.com\/index.php?rest_route=%2Fwp%2Fv2%2Fproduct_brand&post=281"},{"taxonomy":"product_cat","embeddable":true,"href":"https:\/\/eingmex.com\/index.php?rest_route=%2Fwp%2Fv2%2Fproduct_cat&post=281"},{"taxonomy":"product_tag","embeddable":true,"href":"https:\/\/eingmex.com\/index.php?rest_route=%2Fwp%2Fv2%2Fproduct_tag&post=281"}],"curies":[{"name":"wp","href":"https:\/\/api.w.org\/{rel}","templated":true}]}}