{"id":291,"date":"2023-03-17T20:00:46","date_gmt":"2023-03-17T20:00:46","guid":{"rendered":"https:\/\/maqnusa.com\/?post_type=product&#038;p=291"},"modified":"2025-03-31T10:41:35","modified_gmt":"2025-03-31T16:41:35","slug":"base-para-cortadora-manual","status":"publish","type":"product","link":"https:\/\/eingmex.com\/?product=base-para-cortadora-manual","title":{"rendered":"Base para cortadora manual"},"content":{"rendered":"<p><strong>FUNCION DE LA BASE:<\/strong><\/p>\n<p>Esta mesa es especial para colocar la cortadora manual sobre ella. Esta reforzada para aguantar la presi\u00f3n que se ejerce al realizar los cortes de la masa. Incluye los orificios y los tornillos para adaptarse la cortadora.<\/p>\n<p><strong>MEDIDAS:<\/strong><\/p>\n<p>De Ancho 0.50cm por 0.50cm de largo y de alto 0.70cm<\/p>\n<p><strong>ESPECIFICACIONES:<\/strong><\/p>\n<p>\ud83d\udcddFabricada con base de \u00e1ngulo<\/p>\n<p>\ud83d\udcddReforzada<\/p>\n<p>\ud83d\udcddCon orificios para adaptar la cortadora<\/p>\n<p>\ud83d\udcddLleva topes en las patas<\/p>\n<p><strong>TIEMPO DE ENTREGA<\/strong><\/p>\n<p>De 3 a 5 d\u00edas h\u00e1biles.<\/p>\n<p><strong>FLETE<\/strong><\/p>\n<p>A ocurre corre por cuenta del comprador, Realizamos env\u00edos Nacionales e Internacionales.\u00a0Para realizar la cotizaci\u00f3n env\u00edenos mediante la secci\u00f3n de contacto o nuestro chat \u00a0los siguientes datos. Pa\u00eds, Ciudad, Municipio o Localidad y su Cp.<\/p>\n<p><strong>GARANTIA<\/strong><\/p>\n<p>La garant\u00eda de 6 meses contra defecto de fabricaci\u00f3n , Tambien se les env\u00eda un video por correo o por Whatsapp antes de enviarla en el cual consta en buen funcionamiento de la maquina o en su caso puede venir el cliente a checar el funcionamiento de la misma a nuestro taller.<\/p>\n<p><strong>METODOS DE PAGO<\/strong><\/p>\n<p>\ud83d\udcccEfectivo pagando en nuestro taller ubicado en Monterrey<\/p>\n<p>\ud83d\udcccTransferencia o Dep\u00f3sitos Bancarios<\/p>\n<p>\ud83d\udcccPago con Tarjeta de Debito o Cr\u00e9dito<\/p>\n<p><em>Si usted se ubica en otro estado o pa\u00eds puede realizar pagos con tarjetas de debito o cr\u00e9dito mediante Links de Pago<\/em><\/p>\n","protected":false},"excerpt":{"rendered":"<p>FUNCION DE LA BASE: Esta mesa es especial para colocar la cortadora manual sobre ella. Esta reforzada para aguantar la presi\u00f3n que se ejerce al realizar los cortes de la&#8230;<\/p>\n","protected":false},"featured_media":759,"comment_status":"open","ping_status":"closed","template":"","meta":[],"product_brand":[],"product_cat":[19,18],"product_tag":[],"class_list":{"0":"post-291","1":"product","2":"type-product","3":"status-publish","4":"has-post-thumbnail","6":"product_cat-panaderias","7":"product_cat-tortilleria-de-harina","9":"first","10":"instock","11":"shipping-taxable","12":"purchasable","13":"product-type-simple"},"_links":{"self":[{"href":"https:\/\/eingmex.com\/index.php?rest_route=\/wp\/v2\/product\/291","targetHints":{"allow":["GET"]}}],"collection":[{"href":"https:\/\/eingmex.com\/index.php?rest_route=\/wp\/v2\/product"}],"about":[{"href":"https:\/\/eingmex.com\/index.php?rest_route=\/wp\/v2\/types\/product"}],"replies":[{"embeddable":true,"href":"https:\/\/eingmex.com\/index.php?rest_route=%2Fwp%2Fv2%2Fcomments&post=291"}],"wp:featuredmedia":[{"embeddable":true,"href":"https:\/\/eingmex.com\/index.php?rest_route=\/wp\/v2\/media\/759"}],"wp:attachment":[{"href":"https:\/\/eingmex.com\/index.php?rest_route=%2Fwp%2Fv2%2Fmedia&parent=291"}],"wp:term":[{"taxonomy":"product_brand","embeddable":true,"href":"https:\/\/eingmex.com\/index.php?rest_route=%2Fwp%2Fv2%2Fproduct_brand&post=291"},{"taxonomy":"product_cat","embeddable":true,"href":"https:\/\/eingmex.com\/index.php?rest_route=%2Fwp%2Fv2%2Fproduct_cat&post=291"},{"taxonomy":"product_tag","embeddable":true,"href":"https:\/\/eingmex.com\/index.php?rest_route=%2Fwp%2Fv2%2Fproduct_tag&post=291"}],"curies":[{"name":"wp","href":"https:\/\/api.w.org\/{rel}","templated":true}]}}