{"id":294,"date":"2023-03-17T20:12:33","date_gmt":"2023-03-17T20:12:33","guid":{"rendered":"https:\/\/maqnusa.com\/?post_type=product&#038;p=294"},"modified":"2025-03-21T19:50:44","modified_gmt":"2025-03-22T01:50:44","slug":"horno-giratorio-de-columpio","status":"publish","type":"product","link":"https:\/\/eingmex.com\/?product=horno-giratorio-de-columpio","title":{"rendered":"Horno Giratorio de Columpio"},"content":{"rendered":"<p><strong>PRECIOS SEGUN SU CAPACIDAD:<\/strong><\/p>\n<p>&nbsp;<\/p>\n<table border=\"1\" cellspacing=\"0\" cellpadding=\"0\" align=\"center\">\n<tbody>\n<tr>\n<td><a name=\"_Hlk35537777\"><\/a><strong>Charolas<\/strong><\/td>\n<td><strong>Fondo<\/strong><\/td>\n<td><strong>Largo<\/strong><\/td>\n<td><strong>Alto<\/strong><\/td>\n<td>\u00a0<strong>Precio del Sencillo<\/strong><\/td>\n<td><strong>Precio del Equipado<\/strong><\/td>\n<\/tr>\n<tr>\n<td><strong>6<\/strong><\/td>\n<td>1.75<\/td>\n<td>1.70<\/td>\n<td>1.70<\/td>\n<td>$54,000 MXN<\/td>\n<td>$61,000 MXN<\/td>\n<\/tr>\n<tr>\n<td><strong>10<\/strong><\/td>\n<td>1.60<\/td>\n<td>2.40<\/td>\n<td>1.70<\/td>\n<td>$70,500 MXN<\/td>\n<td>$78,000 MXN<\/td>\n<\/tr>\n<tr>\n<td><strong>15<\/strong><\/td>\n<td>1.60<\/td>\n<td>3.00<\/td>\n<td>1.70<\/td>\n<td>$81,000 MXN<\/td>\n<td>$88,500 MXN<\/td>\n<\/tr>\n<tr>\n<td><strong>20<\/strong><\/td>\n<td>2.15<\/td>\n<td>3.00<\/td>\n<td>1.70<\/td>\n<td>$96,000 MXN<\/td>\n<td>$103,500 MXN<\/td>\n<\/tr>\n<\/tbody>\n<\/table>\n<p><strong>FUNCION DE LA MAQUINA<\/strong><\/p>\n<p>El horno es un producto de alto rendimiento ideal para panificadoras profesionales por su completa uniformidad de cocci\u00f3n, dise\u00f1ados para favorecer siempre un tipo de cocci\u00f3n tradicional. El producto queda perfectamente cocido en su exterior manteniendo la humedad constante en su interior.<\/p>\n<p>Especial para Panificadoras, Pasteler\u00edas, Restaurantes y Hoteles * Exclusivo para pan Blanco, Pan de Dulce y Baguettes.<\/p>\n<div style=\"width: 1080px;\" class=\"wp-video\"><video class=\"wp-video-shortcode\" id=\"video-294-1\" width=\"1080\" height=\"1920\" preload=\"metadata\" controls=\"controls\"><source type=\"video\/mp4\" src=\"https:\/\/eingmex.com\/wp-content\/uploads\/2023\/03\/Video-Horno-de-columpio-Eingmex.mp4?_=1\" \/><a href=\"https:\/\/eingmex.com\/wp-content\/uploads\/2023\/03\/Video-Horno-de-columpio-Eingmex.mp4\">https:\/\/eingmex.com\/wp-content\/uploads\/2023\/03\/Video-Horno-de-columpio-Eingmex.mp4<\/a><\/video><\/div>\n<p><strong>ESPECIFICACIONES:<\/strong><\/p>\n<p>\ud83d\udcddSe maneja Sencillo o en Equipado<\/p>\n<p>\ud83d\udcddPara gas Lp o Natural<\/p>\n<p>\ud83d\udcddVaporizador Integrado<\/p>\n<p>\ud83d\udcddFrente en Acero Inoxidable<\/p>\n<p>\ud83d\udcddMotor Monof\u00e1sico o Trif\u00e1sico<\/p>\n<p>\ud83d\udcddColumpios Reversibles<\/p>\n<p>\ud83d\udcddQuemadores Autom\u00e1ticos<\/p>\n<p>\ud83d\udcddForro Laminado-Esmaltado<\/p>\n<p>\ud83d\udcddEspecial para cualquier tipo de pan<\/p>\n<p>\ud83d\udcddPara Charolas de 45cm x 65 cm<\/p>\n<p><strong>TIEMPO DE ENTREGA<\/strong><\/p>\n<p>De 2 a 5 d\u00edas h\u00e1biles.<\/p>\n<p><strong>FLETE<\/strong><\/p>\n<p>A ocurre corre por cuenta del comprador, Realizamos env\u00edos Nacionales e Internacionales.\u00a0Para realizar la cotizaci\u00f3n env\u00edenos mediante la secci\u00f3n de contacto o nuestro chat \u00a0los siguientes datos. Pa\u00eds, Ciudad, Municipio o Localidad y su Cp.<\/p>\n<p><strong>GARANTIA<\/strong><\/p>\n<p>La garant\u00eda de 6 meses contra defecto de fabricaci\u00f3n , Tambien se les env\u00eda un video por correo o por Whatsapp antes de enviarla en el cual consta en buen funcionamiento de la maquina o en su caso puede venir el cliente a checar el funcionamiento de la misma a nuestro taller.<\/p>\n<p><strong>METODOS DE PAGO<\/strong><\/p>\n<p>\ud83d\udcccEfectivo pagando en nuestro taller ubicado en Monterrey o en nuestras oficinas en General Escobedo<\/p>\n<p>\ud83d\udcccTransferencia o Dep\u00f3sitos Bancarios<\/p>\n<p>\ud83d\udcccPago con Tarjeta de Debito o Cr\u00e9dito<\/p>\n<p><em>Si usted se ubica en otro estado o pa\u00eds puede realizar pagos con tarjetas de debito o cr\u00e9dito mediante Links de Pago<\/em><\/p>\n","protected":false},"excerpt":{"rendered":"<p>PRECIOS SEGUN SU CAPACIDAD: &nbsp; Charolas Fondo Largo Alto \u00a0Precio del Sencillo Precio del Equipado 6 1.75 1.70 1.70 $54,000 MXN $61,000 MXN 10 1.60 2.40 1.70 $70,500 MXN $78,000&#8230;<\/p>\n","protected":false},"featured_media":755,"comment_status":"open","ping_status":"closed","template":"","meta":[],"product_brand":[],"product_cat":[19],"product_tag":[],"class_list":{"0":"post-294","1":"product","2":"type-product","3":"status-publish","4":"has-post-thumbnail","6":"product_cat-panaderias","8":"first","9":"instock","10":"shipping-taxable","11":"purchasable","12":"product-type-variable"},"_links":{"self":[{"href":"https:\/\/eingmex.com\/index.php?rest_route=\/wp\/v2\/product\/294","targetHints":{"allow":["GET"]}}],"collection":[{"href":"https:\/\/eingmex.com\/index.php?rest_route=\/wp\/v2\/product"}],"about":[{"href":"https:\/\/eingmex.com\/index.php?rest_route=\/wp\/v2\/types\/product"}],"replies":[{"embeddable":true,"href":"https:\/\/eingmex.com\/index.php?rest_route=%2Fwp%2Fv2%2Fcomments&post=294"}],"wp:featuredmedia":[{"embeddable":true,"href":"https:\/\/eingmex.com\/index.php?rest_route=\/wp\/v2\/media\/755"}],"wp:attachment":[{"href":"https:\/\/eingmex.com\/index.php?rest_route=%2Fwp%2Fv2%2Fmedia&parent=294"}],"wp:term":[{"taxonomy":"product_brand","embeddable":true,"href":"https:\/\/eingmex.com\/index.php?rest_route=%2Fwp%2Fv2%2Fproduct_brand&post=294"},{"taxonomy":"product_cat","embeddable":true,"href":"https:\/\/eingmex.com\/index.php?rest_route=%2Fwp%2Fv2%2Fproduct_cat&post=294"},{"taxonomy":"product_tag","embeddable":true,"href":"https:\/\/eingmex.com\/index.php?rest_route=%2Fwp%2Fv2%2Fproduct_tag&post=294"}],"curies":[{"name":"wp","href":"https:\/\/api.w.org\/{rel}","templated":true}]}}