{"id":776,"date":"2025-03-21T18:32:45","date_gmt":"2025-03-22T00:32:45","guid":{"rendered":"https:\/\/eingmex.com\/?post_type=product&#038;p=776"},"modified":"2025-04-12T18:00:12","modified_gmt":"2025-04-12T23:00:12","slug":"boleadora-para-bolillos-baguette-y-pan-de-hot-dog","status":"publish","type":"product","link":"https:\/\/eingmex.com\/?product=boleadora-para-bolillos-baguette-y-pan-de-hot-dog","title":{"rendered":"Boleadora para Bolillos, Baguette y Pan de Hot Dog"},"content":{"rendered":"<div style=\"width: 1080px;\" class=\"wp-video\"><video class=\"wp-video-shortcode\" id=\"video-776-1\" width=\"1080\" height=\"1920\" preload=\"metadata\" controls=\"controls\"><source type=\"video\/mp4\" src=\"https:\/\/eingmex.com\/wp-content\/uploads\/2025\/03\/Seccion-de-panaderia-1.mp4?_=1\" \/><a href=\"https:\/\/eingmex.com\/wp-content\/uploads\/2025\/03\/Seccion-de-panaderia-1.mp4\">https:\/\/eingmex.com\/wp-content\/uploads\/2025\/03\/Seccion-de-panaderia-1.mp4<\/a><\/video><\/div>\n<p dir=\"ltr\" role=\"presentation\"><strong>ESPECIFICACIONES:<\/strong><\/p>\n<p class=\"zfr3Q CDt4Ke \" dir=\"ltr\" role=\"presentation\"><span class=\"C9DxTc \">\ud83d\udcdd<\/span><span class=\"C9DxTc \">Formadora de Bolillos, Baguettes<\/span><span class=\"C9DxTc \">\u00a0y<\/span><span class=\"C9DxTc \">\u00a0pan de Hot Dog\u00a0<\/span><\/p>\n<p class=\"zfr3Q CDt4Ke \" dir=\"ltr\" role=\"presentation\"><span class=\"C9DxTc \">\ud83d\udcddForma desde 40 hasta 250 grs<\/span><\/p>\n<p class=\"zfr3Q CDt4Ke \" dir=\"ltr\" role=\"presentation\"><span class=\"C9DxTc \">\ud83d\udcddTrabaja con masa dura y blanda<\/span><\/p>\n<p class=\"zfr3Q CDt4Ke \" dir=\"ltr\" role=\"presentation\"><span class=\"C9DxTc \">\ud83d\udcddBandas y rodillos antiadherente<\/span><\/p>\n<p class=\"zfr3Q CDt4Ke \" dir=\"ltr\" role=\"presentation\"><span class=\"C9DxTc \">\ud83d\udcddMotor de 1\/2 Hp Monof\u00e1sico<\/span><\/p>\n<p class=\"zfr3Q CDt4Ke \" dir=\"ltr\" role=\"presentation\"><span class=\"C9DxTc \">\ud83d\udcddMedidas\u00a0<\/span><span class=\"C9DxTc \">1.20<\/span><span class=\"C9DxTc \">\u00a0x .4<\/span><span class=\"C9DxTc \">0<\/span><span class=\"C9DxTc \">\u00a0x .4<\/span><span class=\"C9DxTc \">0<\/span><span class=\"C9DxTc \">\u00a0cm<\/span><\/p>\n<p class=\"zfr3Q CDt4Ke \" dir=\"ltr\" role=\"presentation\"><span class=\"C9DxTc \">\ud83d\udcddPeso\u00a0<\/span><span class=\"C9DxTc \">52<\/span><span class=\"C9DxTc \">\u00a0kg.\u00a0<\/span><\/p>\n<p>&nbsp;<\/p>\n<p>Somos fabricantes nos adaptamos a lo que el cliente necesite realizando pruebas y haciendo modificaciones en nuestras maquinas.<\/p>\n<p>Estamos en contacto con nuestros clientes d\u00e1ndoles asesor\u00eda v\u00eda telef\u00f3nica o por WhatsApp.<\/p>\n<p><strong>MEDIDAS:<\/strong><br \/>\nAncho de 1.20 cm. por .40 cm. de largo y de Alto 50cm.<\/p>\n<p><strong>PRODUCCI\u00d3N:<\/strong><br \/>\n<span class=\"C9DxTc \">Forma hasta 3500 piezas por hora<\/span><\/p>\n<p><strong>ENTREGA EXPRESS:<\/strong><br \/>\nDe 7 a 10 d\u00edas siendo el pago es de contado directamente a la cuenta de EINGMEX<\/p>\n<p>Tambi\u00e9n podemos enviar a Estados Unidos, Canad\u00e1, San Jos\u00e9 Costa Rica, Guatemala etc.<\/p>\n<p style=\"text-align: center;\">\ud83d\ude80Para realizar la cotizaci\u00f3n envianos mediante la seccion de contacto o nuestro chat \u00a0los siguientes datos.<br \/>\nSi requiere el env\u00edo a domicilio o ocurre.<br \/>\nPa\u00eds o Municipio.<br \/>\nC.P.<\/p>\n<p><strong>GARANT\u00cdA<\/strong><br \/>\nLa garant\u00eda de 6 meses contra defecto de fabricaci\u00f3n, Tambien se les env\u00eda un video por correo o por Whatsapp antes de enviarla en el cual consta en buen funcionamiento de la maquina o en su caso puede venir el cliente a checar el funcionamiento de la misma a nuestro taller.<\/p>\n<p><strong>METODOS DE PAGO<\/strong><\/p>\n<p>\ud83d\udcccEfectivo pagando en nuestro taller ubicado en Monterrey y en General Escobedo Nuevo Leon.<\/p>\n<p>\ud83d\udcccTransferencia o Dep\u00f3sitos Bancarios<\/p>\n<p>\ud83d\udcccPago con Tarjeta de Debito o Cr\u00e9dito<\/p>\n<p>S<em>i usted se ubica en otro estado o pa\u00eds puede realizar pagos con tarjetas de debito o cr\u00e9dito mediante Links de Pago<\/em><\/p>\n<div style=\"width: 1080px;\" class=\"wp-video\"><video class=\"wp-video-shortcode\" id=\"video-776-2\" width=\"1080\" height=\"1920\" preload=\"metadata\" controls=\"controls\"><source type=\"video\/mp4\" src=\"https:\/\/eingmex.com\/wp-content\/uploads\/2025\/03\/Seccion-de-panaderia-2.mp4?_=2\" \/><a href=\"https:\/\/eingmex.com\/wp-content\/uploads\/2025\/03\/Seccion-de-panaderia-2.mp4\">https:\/\/eingmex.com\/wp-content\/uploads\/2025\/03\/Seccion-de-panaderia-2.mp4<\/a><\/video><\/div>\n","protected":false},"excerpt":{"rendered":"<p>ESPECIFICACIONES: \ud83d\udcddFormadora de Bolillos, Baguettes\u00a0y\u00a0pan de Hot Dog\u00a0 \ud83d\udcddForma desde 40 hasta 250 grs \ud83d\udcddTrabaja con masa dura y blanda \ud83d\udcddBandas y rodillos antiadherente \ud83d\udcddMotor de 1\/2 Hp Monof\u00e1sico \ud83d\udcddMedidas\u00a01.20\u00a0x&#8230;<\/p>\n","protected":false},"featured_media":777,"comment_status":"open","ping_status":"closed","template":"","meta":[],"product_brand":[],"product_cat":[19],"product_tag":[],"class_list":{"0":"post-776","1":"product","2":"type-product","3":"status-publish","4":"has-post-thumbnail","6":"product_cat-panaderias","8":"first","9":"instock","10":"shipping-taxable","11":"purchasable","12":"product-type-simple"},"_links":{"self":[{"href":"https:\/\/eingmex.com\/index.php?rest_route=\/wp\/v2\/product\/776","targetHints":{"allow":["GET"]}}],"collection":[{"href":"https:\/\/eingmex.com\/index.php?rest_route=\/wp\/v2\/product"}],"about":[{"href":"https:\/\/eingmex.com\/index.php?rest_route=\/wp\/v2\/types\/product"}],"replies":[{"embeddable":true,"href":"https:\/\/eingmex.com\/index.php?rest_route=%2Fwp%2Fv2%2Fcomments&post=776"}],"wp:featuredmedia":[{"embeddable":true,"href":"https:\/\/eingmex.com\/index.php?rest_route=\/wp\/v2\/media\/777"}],"wp:attachment":[{"href":"https:\/\/eingmex.com\/index.php?rest_route=%2Fwp%2Fv2%2Fmedia&parent=776"}],"wp:term":[{"taxonomy":"product_brand","embeddable":true,"href":"https:\/\/eingmex.com\/index.php?rest_route=%2Fwp%2Fv2%2Fproduct_brand&post=776"},{"taxonomy":"product_cat","embeddable":true,"href":"https:\/\/eingmex.com\/index.php?rest_route=%2Fwp%2Fv2%2Fproduct_cat&post=776"},{"taxonomy":"product_tag","embeddable":true,"href":"https:\/\/eingmex.com\/index.php?rest_route=%2Fwp%2Fv2%2Fproduct_tag&post=776"}],"curies":[{"name":"wp","href":"https:\/\/api.w.org\/{rel}","templated":true}]}}